 23, 53, 300109
List the prime factors of 59963739.
3, 11, 1817083
List the prime factors of 284098166.
2, 11, 811, 15923
What are the prime factors of 66159572?
2, 2663, 6211
What are the prime factors of 6170589?
3, 685621
What are the prime factors of 38117945?
5, 7623589
List the prime factors of 332197172.
2, 257, 323149
What are the prime factors of 124267837?
3733, 33289
List the prime factors of 14701696.
2, 331, 347
List the prime factors of 4917636717.
3, 7, 113, 296047
What are the prime factors of 273636786?
2, 3, 401, 113731
List the prime factors of 165590538.
2, 3, 27598423
What are the prime factors of 110737030?
2, 5, 883, 12541
What are the prime factors of 1917143361?
3, 7, 919, 33113
What are the prime factors of 1248481215?
3, 5, 9248009
List the prime factors of 757344484.
2, 13, 19, 766543
What are the prime factors of 13177856?
2, 17, 757
What are the prime factors of 102639021?
3, 383, 89329
What are the prime factors of 166881090?
2, 3, 5, 5562703
List the prime factors of 124688724.
2, 3, 10390727
List the prime factors of 2969555864.
2, 11, 467, 6569
What are the prime factors of 982701039?
3, 1901, 172313
What are the prime factors of 1025033830?
2, 5, 102503383
What are the prime factors of 52716082?
2, 17, 113, 13721
What are the prime factors of 8203327?
11, 745757
List the prime factors of 329241683.
329241683
List the prime factors of 18956606.
2, 373, 25411
What are the prime factors of 688801?
79, 8719
List the prime factors of 3959948971.
11, 461, 70991
What are the prime factors of 1489292523?
3, 19, 8709313
List the prime factors of 284143526.
2, 179, 547, 1451
List the prime factors of 1978651272.
2, 3, 13, 6341831
List the prime factors of 4128082002.
2, 3, 11, 6949633
What are the prime factors of 214138878?
2, 3, 23, 1551731
What are the prime factors of 3480489181?
13, 267729937
What are the prime factors of 123580617?
3, 19, 2168081
List the prime factors of 1091352850.
2, 5, 7, 3118151
List the prime factors of 54942452.
2, 19, 59, 12253
List the prime factors of 430795772.
2, 11, 9790813
List the prime factors of 2011625798.
2, 7, 13, 19, 581731
List the prime factors of 37559143.
19, 1976797
List the prime factors of 73004253.
3, 7, 1097, 3169
What are the prime factors of 2466743242?
2, 79, 15612299
List the prime factors of 50030697.
3, 37, 450727
What are the prime factors of 36191855?
5, 7, 29, 181, 197
List the prime factors of 15163005.
3, 5, 11, 13, 7069
List the prime factors of 336232110.
2, 3, 5, 11207737
What are the prime factors of 51724815?
3, 5, 23, 313, 479
List the prime factors of 1850518098.
2, 3, 11, 13, 65357
List the prime factors of 161005268.
2, 47, 856411
List the prime factors of 47785676.
2, 11946419
List the prime factors of 806922790.
2, 5, 47, 509, 3373
What are the prime factors of 57107051?
2137, 26723
List the prime factors of 1177705819.
37, 31829887
List the prime factors of 978368278.
2, 89, 5496451
List the prime factors of 39655042.
2, 7, 2832503
What are the prime factors of 89982995?
5, 17996599
List the prime factors of 2646815706.
2, 3, 147045317
What are the prime factors of 671797789?
13, 17, 29, 37, 2833
What are the prime factors of 1331265663?
3, 7, 13, 677
What are the prime factors of 1475758786?
2, 29, 25444117
List the prime factors of 1184492115.
3, 5, 907, 29021
What are the prime factors of 395785586?
2, 7, 929, 30431
List the prime factors of 386781070.
2, 5, 13, 163, 18253
What are the prime factors of 1948188996?
2, 3, 13, 89, 5197
What are the prime factors of 32737442?
2, 79, 207199
What are the prime factors of 158149857?
3, 52716619
List the prime factors of 620576770.
2, 5, 11, 5641607
List the prime factors of 280094233.
569, 492257
What are the prime factors of 225398182?
2, 47, 2397853
What are the prime factors of 480561573?
3, 211, 759181
List the prime factors of 4248021738.
2, 3, 7159, 98897
What are the prime factors of 3490168085?
5, 17, 41060801
List the prime factors of 3746302946.
2, 19051, 98323
What are the prime factors of 2420811430?
2, 5, 101, 113, 21211
What are the prime factors of 92821728?
2, 3, 966893
List the prime factors of 4150383267.
3, 1009, 1371121
List the prime factors of 1141752532.
2, 285438133
What are the prime factors of 3152799170?
2, 5, 315279917
What are the prime factors of 2096349789?
3, 23, 47, 646423
List the prime factors of 1663512782.
2, 509, 1634099
List the prime factors of 66675768.
2, 3, 17, 9613
What are the prime factors of 1784424295?
5, 17, 23, 127, 7187
What are the prime factors of 1503347547?
3, 13, 293, 131561
What are the prime factors of 23395562?
2, 11697781
What are the prime factors of 1572624028?
2, 1789, 219763
What are the prime factors of 45735380?
2, 5, 269, 8501
List the prime factors of 118891534.
2, 3947, 15061
List the prime factors of 352698907.
11, 2914867
List the prime factors of 5403164063.
11, 491196733
What are the prime factors of 626362864?
2, 23, 349, 4877
List the prime factors of 69569426.
2, 911, 38183
What are the prime factors of 88538229?
3, 13, 41, 18457
List the prime factors of 2905856681.
7, 13, 1163, 27457
What are the prime factors of 169059384?
2, 3, 13, 23, 7853
List the prime factors of 804008.
2, 100501
What are the prime factors of 885099670?
2, 5, 7, 13, 972637
What are the prime factors of 1612388545?
5, 17, 19, 29, 173, 199
What are the prime factors of 2419603092?
2, 3, 2551, 26347
List the prime factors of 28540737.
3, 73, 43441
What are the prime factors of 84148146?
2, 3, 519433
What are the prime factors of 52604452?
2, 13151113
What are the prime factors of 109448352?
2, 3, 13, 23, 31, 41
List the prime factors of 2668431949.
839, 3180491
What are the prime factors of 1392564758?
2, 13, 17, 19, 79, 2099
What are the prime factors of 74390944?
2, 101, 23017
List the prime factors of 218854696.
2, 67, 408311
List the prime factors of 88828193.
929, 95617
What are the prime factors of 6236177868?
2, 3, 31, 5587973
List the prime factors of 3504752.
2, 317, 691
List the prime factors of 811271569.
17, 103, 463319
List the prime factors of 154069679.
151, 1020329
List the prime factors of 11652938.
2, 11, 41, 12919
List the prime factors of 1347841479.
3, 67, 751, 8929
What are the prime factors of 68902906?
2, 34451453
What are the prime factors of 633364545?
3, 5, 11, 1019, 3767
What are the prime factors of 373886318?
2, 13, 14380243
List the prime factors of 248708612.
2, 62177153
List the prime factors of 31069997.
7, 19, 233609
List the prime factors of 386696035.
5, 11, 639167
What are the prime factors of 303793303?
11, 27617573
What are the prime factors of 5864354?
2, 17, 173, 997
List the prime factors of 9296397.
3, 11, 113, 277
What are the prime factors of 1326566438?
2, 113, 5869763
List the prime factors of 37564862.
2, 19, 988549
What are the prime factors of 8207982923?
7, 211, 1109, 5011
What are the prime factors of 1161687548?
2, 7, 859, 48299
What are the prime factors of 44996841?
3, 17, 31, 53, 179
What are the prime factors of 347397712?
2, 21712357
List the prime factors of 179002514.
2, 23, 3891359
What are the prime factors of 1856771981?
101, 433, 42457
What are the prime factors of 1010948600?
2, 5, 5054743
What are the prime factors of 296491794?
2, 3, 43, 1149193
List the prime factors of 3043456045.
5, 7, 86955887
What are the prime factors of 64722206?
2, 32361103
List the prime factors of 4724833905.
3, 5, 11, 9545119
List the prime factors of 337636733.
7, 163, 199, 1487
List the prime factors of 52794138.
2, 3, 8799023
What are the prime factors of 28706993?
7, 585857
What are the prime factors of 271434744?
2, 3, 7, 538561
What are the prime factors of 1528555421?
59, 25907719
What are the prime factors of 11073537?
3, 107, 3833
What are the prime factors of 482946269?
13, 1429, 25997
What are the prime factors of 89824550?
2, 5, 59, 30449
What are the prime factors of 898546986?
2, 3, 16639759
What are the prime factors of 709235259?
3, 71, 3329743
List the prime factors of 174277375.
5, 109, 12791
What are the prime factors of 711598833?
3, 11, 101, 71167
List the prime factors of 1399900464.
2, 3, 151, 64381
List the prime factors of 4361628613.
17, 2143, 119723
What are the prime factors 